inder when 23 is divided by f?
7
Suppose -15 = -3*y + 3*r, 5*r + 0 = -y + 5. Suppose -2*b + 3*m - 4*m = -7, 20 = y*b + 3*m. What is the remainder when 42/b*2/4 is divided by 11?
10
Let d = -33 + 61. Let r = d + -17. What is the remainder when 32 is divided by r?
10
What is the remainder when 26/(35/21 + 2/(-2)) is divided by 10?
9
Suppose -3*o + 0*a - 4 = 2*a, -4*o + a = -13. Let l(m) = -m**3 + m**2 + m. Calculate the remainder when o is divided by l(-1).
0
Let d = 43 + -71. Let b = 54 + d. Let r = -83 - -97. Calculate the remainder when b is divided by r.
12
Suppose -4*f + 3*f + 11 = 0. Calculate the remainder when 20 is divided by f.
9
What is the remainder when (-2 + 1)*(-6 + 9) - -70 is divided by 17?
16
What is the remainder when (-32)/12 + 2 - (-51)/9 is divided by 4?
1
Let t = 30 + -6. What is the remainder when 119 is divided by t?
23
Suppose 5*y + 5 = -3*x + 38, -2*x = -4*y + 22. Let l = 10 + y. Calculate the remainder when 31 is divided by l.
15
Let b(f) be the second derivative of f**4/24 - f**2/2 - 5*f. Let g(k) be the first derivative of b(k). Calculate the remainder when 7 is divided by g(3).
1
Let o be 1 + 4/2 + -1. Suppose x - 1 = o. Suppose -m + 23 = 5*l, -3*l - x*m = -7*l + 7. Calculate the remainder when 14 is divided by l.
2
Let k(c) = c**3 - 9*c**2 + 3. Let a be k(9). Suppose -a*z + 39 = -0*z. What is the remainder when 36 is divided by z?
10
Suppose -2*j + 0*h = -5*h - 18, 3*h - 6 = -3*j. Calculate the remainder when 6 is divided by j.
2
Suppose a + 46 = 2*a. Suppose -2*j + a = 2*b + j, -b + 34 = -4*j. Calculate the remainder when b is divided by (-1 - (4 + -2))*-3.
8
Suppose 0 = -0*s - s + 2*b + 14, -52 = -5*s + 4*b. What is the remainder when 33 is divided by s?
1
Suppose -q + y + 12 = 0, 56 = 7*q - 2*q - 3*y. Let f(p) = 3*p + p**3 + q*p**3 - 2*p. What is the remainder when 34 is divided by f(1)?
10
Suppose -62 = -2*u + 4*l, -2*l = -5*u + 28 + 111. What is the remainder when 49 is divided by u?
22
Calculate the remainder when 13 is divided by 3 - (2*-3 + 2).
6
Suppose 24 - 55 = -n. Let z(c) be the first derivative of c**4/4 + 4*c**3/3 - c**2/2 - c + 1. Calculate the remainder when n is divided by z(-3).
9
Let b be (-2)/(-4) + (-604)/8. Let j = -52 - b. Calculate the remainder when j is divided by 12.
11
What is the remainder when (-7084)/(-126) + 4/(-18) is divided by 15?
11
Suppose -3*f = -4*t - 39, -f + 4*t + 31 = 10. What is the remainder when (-118)/(-7) + (-1)/(-7) is divided by f?
8
Let d = 31 + -43. Let c = 22 + d. Suppose 3*z - c = -2*w, w - 16 = -3*z - 4*w. Calculate the remainder when 2 is divided by z.
0
Let y be 3/(-12) - 35/4. Let i(a) = a**2 - a - 5. Let x be i(-4). Let s = x + y. What is the remainder when 9 is divided by s?
3
Let j(r) = 55*r**3 - 1. What is the remainder when j(1) is divided by (36 + (2 - 0))/2?
16
Suppose -4*g = 5*r - 67, 0*g = 3*g + 2*r - 52. Let f(l) = -l**3 + 2*l**2 + 3*l. Let s be -1 - 1/1*1. Calculate the remainder when g is divided by f(s).
8
Let r = 15 - 5. Let f(t) = 3*t + 1. What is the remainder when r is divided by f(2)?
3
What is the remainder when 17 is divided by (-2)/(-4) + (-69)/(-6)?
5
Suppose -5*o + 15 = 0, -2*r + 2 + 36 = 2*o. Suppose n = x + 4*n - 53, 6 = 3*n. What is the remainder when x is divided by r?
15
Let g(u) = 5*u**2 - u - 1. Let i be g(-1). Suppose -4*a - 4*b - 52 = -132, -i*a = -b - 70. Let y = -25 + 68. What is the remainder when y is divided by a?
13
Let k(u) = u**3 + 6*u**2 - 9*u - 10. Let m be k(-7). Suppose m*y = 2*y + 46. Calculate the remainder when y is divided by 13.
10
Suppose 2*c = -c + 105. What is the remainder when c is divided by 12?
11
Let b = 55 + -34. What is the remainder when 41 is divided by b?
20
Let m(y) be the third derivative of -y**4/6 + 5*y**3/3 + 2*y**2. Let t be m(-7). Suppose -4*d + 38 = -t. Calculate the remainder when d is divided by 10.
9
Let x = -9 + 48. Suppose 2*h + m - x = -0*h, 0 = m - 5. Suppose -2*k + 18 = -0*k. Calculate the remainder when h is divided by k.
8
Let j(z) = -z - 5. Calculate the remainder when j(-7) is divided by (2 - 36/15)*-5.
0
Suppose 2*x + 10 = 0, -4*d + 166 = -d - 2*x. Calculate the remainder when d is divided by (-1 - (1 - -7))*-2.
16
Suppose -3*o = -z + 2*o + 17, 3*z - 64 = 2*o. Calculate the remainder when z is divided by 6.
4
Suppose -6*f = -2*f. Let w(s) = s**3 - s + 28. Let n be w(f). Suppose -1 + n = x. Calculate the remainder when x is divided by 10.
7
Let r(t) = -2*t**3 - 10*t**2 + 3*t. Let n(z) = 3*z**3 + 19*z**2 - 6*z. Let o(h) = -3*n(h) - 5*r(h). What is the remainder when 41 is divided by o(7)?
20
Suppose 2*n - 39 - 17 = 0. Let l(y) be the first derivative of y**3/3 - 5*y**2 - 9*y - 8. What is the remainder when n is divided by l(12)?
13
Let n = 245 + -143. Let v = -58 + n. Calculate the remainder when v is divided by 215/15 - 4/(-6).
14
Let i be (0/4)/(2/2). Suppose -4*d + 32 = -2*m - 0*m, 4*d - 4*m - 40 = 0. Let b = i + d. What is the remainder when b is divided by 4?
2
Let p = 41 + -24. Let q(v) = -v**2 - 8*v + 18. Calculate the remainder when p is divided by q(-9).
8
Let i = 96 + 63. Let g = 224 - i. Suppose -5*u + 103 = -3*c, -3*u - 4*c + g - 9 = 0. Calculate the remainder when u is divided by 7.
6
Let w = -44 + 133. Let d = w + -62. Calculate the remainder when d is divided by 7.
6
Let i(y) = 5*y**3 - y. Let u be i(-1). What is the remainder when 15 is divided by ((-2)/(-4))/(u/(-64))?
7
Suppose 0 = 2*c - 0*c + 2. Suppose 16 + 20 = -4*t. Let z = c - t. What is the remainder when 14 is divided by z?
6
Suppose z - 4 = 5*z. Suppose -4*r + 17 = -w, 0 = 2*w + 6*r - 3*r - 21. What is the remainder when w is divided by 3/(z + 2 - 0)?
0
Calculate the remainder when 31 is divided by 2/(-4) - 19/(-2).
4
Let b(i) = i**2 + 11*i + 2. Suppose -5*c - 66 + 11 = 0. Calculate the remainder when 3 is divided by b(c).
1
Let j = -4 - -2. Let w be 28 + (j - (-5 + 1)). Suppose 2*l + 5*g = 11, 2*l - 3*g = 5*l - w. Calculate the remainder when l is divided by 7.
6
Suppose 30*i + 54 = 36*i. What is the remainder when 34 is divided by i?
7
Let z = 1 - 1. Suppose -2*x = -z*x - 14. What is the remainder when 13 is divided by x?
6
Suppose w + 5*a = 0, 6 + 18 = 3*w + 3*a. Suppose -4*c = -38 - w. Suppose -p - 2 = -0*p, 2*p - 88 = -4*k. What is the remainder when k is divided by c?
11
Suppose -5*i - s = -44, -5*i - s = s - 48. Suppose -2*p = -3*m + 17, 2*m + 3*p - 5 = 2. Calculate the remainder when i is divided by m.
3
Suppose s + 0*s = 19. Calculate the remainder when s is divided by 11.
8
Let h be 1 - (-3 + -3 + 1). Let i be h/(-9)*3*2. Let w(v) = v**3 + 5*v**2 - 2*v - 1. What is the remainder when w(i) is divided by 12?
11
Suppose -3*j = -2*g - 2, 2*g - 4*g = 3*j - 10. What is the remainder when 2 is divided by j?
0
Let w(a) = a**2 - 3. Let g be w(3). Suppose 3*t - 28 = -v - 0*v, 5*t + 4*v = 56. Suppose -g - t = -i. What is the remainder when 41 is divided by i?
13
Suppose -356 = -5*d + 3*f, 0 = -2*d + 7*d - f - 352. Suppose -3*y + d = 2*y. What is the remainder when 40 is divided by y?
12
Let a(c) = 50*c + 2. Suppose 4 = i - 2*s, -2*i + 5*s + 6 = -3. Calculate the remainder when a(i) is divided by 26.
24
Let q(u) = -u**2 + 2*u + 3. Calculate the remainder when 11 is divided by q(0).
2
Suppose 0 = 25*i - 7*i - 702. Calculate the remainder when i is divided by 22.
17
Suppose a - 45 = 6*a. Let p = 6 - a. What is the remainder when 29 is divided by p?
14
Suppose -4*s + 5*q = -112 + 44, 0 = 2*s + 2*q - 16. Calculate the remainder when 58 is divided by s.
10
Suppose 5*o + 165 = 5*k, 10*o - 8*o + 177 = 5*k. Calculate the remainder when k is divided by 13.
11
Suppose -4*v + 4*a - 6 = -158, -a - 75 = -2*v. Calculate the remainder when 147 is divided by v.
36
Suppose -7 + 1 = -c. Let b(y) = c*y + 8*y**2 + y**3 - 1 + 2*y - 2*y. What is the remainder when 17 is divided by b(-7)?
5
Calculate the remainder when 78 - ((-3)/(-4) + (-110)/40) is divided by 21.
17
Let x(s) = 3 + 1 + 9*s - 1. Let r be x(-3). Calculate the remainder when 2/7 - r/14 is divided by 2.
0
Suppose 4*g = g - 39. Let y = -2 - g. What is the remainder when 43 is divided by y?
10
Suppose 2*p + 3*p = 335. What is the remainder when p is divided by 0 + 19 - 16/(-4)?
21
Suppose 2*l + 19 = 5*w, -2*w + l - 4 = 6*l. Suppose -u - 1 = 2, -r - w*u - 6 = 0